 9 = -q - 0*q, d*q - 3 = -m. Suppose q = -f + 3*f - 12. List the prime factors of f.
2, 3
Suppose 0 = 5*s - s. Suppose -4*f - 3 + 11 = s. List the prime factors of f.
2
Let k(f) be the third derivative of f**5/60 - f**4/24 + 5*f**3/6 - 5*f**2. What are the prime factors of k(-4)?
5
Let z(w) = -w. Let u be 2/(-7) + 4/14. Let x be z(u). Suppose x = -3*t - 19 + 52. What are the prime factors of t?
11
Suppose -5*o + 228 = -2*o. What are the prime factors of o?
2, 19
Suppose -2*o - 4*o + 282 = 0. What are the prime factors of o?
47
Let g(c) = -c**3 + 8*c**2 + 2*c + 2. Let r(v) = v**2 + v. Let o(y) = -g(y) + 5*r(y). What are the prime factors of o(3)?
7
Let q = -1 - -8. List the prime factors of 4/14 - (-264)/q.
2, 19
Suppose -6*o = -4*o - 24. List the prime factors of o.
2, 3
Let r(p) = 7*p. Suppose -5*o + 2 = -3. What are the prime factors of r(o)?
7
Suppose 4*k = 0, -24 = 3*r - 4*k - 153. What are the prime factors of r?
43
Let s(q) = q**2 - 5*q. Let f be s(6). Suppose 6*w + f = 4*w. Let y = w - -8. List the prime factors of y.
5
Let p(n) = -2 - 6*n + 2*n + 3*n**2 + 6*n. Let j be p(-2). What are the prime factors of (27/j)/(-3)*-6?
3
Suppose 5*y - 2*y = 3. Let i(h) = -3*h - 1. Let x be i(y). Let p(d) = -d**2 - 6*d - 1. What are the prime factors of p(x)?
7
List the prime factors of ((-4)/8)/(2 + (-375)/186).
31
Let x(i) be the second derivative of -4*i - 1/3*i**3 + 0 - 1/2*i**2 + 1/2*i**4. What are the prime factors of x(-1)?
7
Suppose 5*v = 3*v + 4. Let f be v/(-3*4/(-918)). What are the prime factors of f/15 + 1/(-5)?
2, 5
Let q(n) = -2*n**2 + 4*n - 3. Let g be q(2). Let a = 5 + g. List the prime factors of a.
2
Suppose -2*y - y = 3*v - 18, 2*y - 4*v = 18. Suppose -2*m - 3*m = -c + 22, y = -4*c + m. List the prime factors of (6 + 3 + c)/1.
2, 3
Let q(i) = -i**3 + 10*i**2 - 3*i - 4. List the prime factors of q(9).
2, 5
Let l(d) = -d**3 + 2*d**2 + 3*d - 3. Let i(n) = -n + 12. Let f be i(9). Let p be l(f). List the prime factors of ((-1)/p)/((-2)/(-90)).
3, 5
Let b(k) = k - 7. Let x be b(9). Suppose -4*m = -3*v - 68, 44 = 2*m + x*v - v. What are the prime factors of m?
2, 5
Let o(q) = -q**2 - 5*q + 2. Let m be o(-5). Suppose 0*g = -m*g + 4. What are the prime factors of (g - 1)/((-3)/(-18))?
2, 3
Suppose -v + g - 43 = -3*v, 4*g - 4 = -v. What are the prime factors of v?
2, 3
Suppose -25 = -4*j - j. Let l = j + -3. List the prime factors of l.
2
Suppose 0*l + l = -5*s + 33, 0 = -s - 3*l + 15. Let g = s - 2. What are the prime factors of g?
2
Let p(n) = n**2 + 5*n - 10. Let u be p(-7). Suppose -u*i + i + 108 = 0. What are the prime factors of i?
2, 3
Suppose -4*u + 136 = 4*d, -24 = -u - d + 5*d. List the prime factors of u.
2
Suppose -i = -5*q + 18, 0*i + 12 = 2*i + 2*q. Let k(a) = 2*a - 3*a**2 + 2*a + a**3 - 1 - 1. What are the prime factors of k(i)?
2
Let w(k) = 11*k + 1. Let h(j) = 11*j + 1. Let p(a) = -3*h(a) + 4*w(a). List the prime factors of p(1).
2, 3
Let v be 21 + (0 - (1 + 1)). Let m = 28 - v. Suppose -s + m = -1. What are the prime factors of s?
2, 5
What are the prime factors of -4 - 244/((-20)/5)?
3, 19
Suppose 3*a - 12 = -0. Suppose 0 = -2*k - 2*b + a*b + 14, b - 3 = -k. List the prime factors of (165/12)/k*4.
11
Suppose -405 + 72 = -3*l. List the prime factors of l.
3, 37
Suppose -c = -2*c + 1. Let q = 10 - c. Let i = q - 6. List the prime factors of i.
3
Suppose -8 - 3 = -5*c + j, -5*j + 8 = -4*c. Suppose 6*z - c*z - 72 = 0. What are the prime factors of z?
2, 3
Let t(g) = g + 1. Suppose -5*l - 35 = -b + 2, -b - 3 = 0. Let c be l/3*(-12)/8. List the prime factors of t(c).
5
Let f be 1/(2 - 10/6). Suppose 2*x = o + 3, -2*x = o - f*x. Suppose -3*d + 4*l + 10 = -28, -2*l = o*d - 8. What are the prime factors of d?
2, 3
Let o(y) = -y**3 - 5*y**2 + 5*y - 4. Let j be o(-6). Suppose -h - j = -10. What are the prime factors of h?
2
Let p(c) = 3*c**2 - 1. Let d be p(1). Suppose 8 = d*u - 0*u + 3*f, 0 = 5*u + 4*f - 27. List the prime factors of u.
7
Let s(i) = 15*i**2 - 2*i - 4. Let f be s(-6). What are the prime factors of 8/(-10) + f/10?
2, 3
Suppose 2*x = 8*x - 1722. What are the prime factors of x?
7, 41
Let l be (2/4)/(2/80). Let t be 9/3*(1 + 0). Suppose z - l = -t*z. List the prime factors of z.
5
Let q(l) = l**2 - 2*l - 5. Let a be q(5). Let r be (-2)/(-5) - (-46)/a. List the prime factors of -3 + (r - (2 + -3)).
3
Let r be ((-84)/(-10))/((-4)/(-10)). List the prime factors of 4/(-6) + 959/r.
3, 5
Let b = 12 + -8. Let p = b - -13. What are the prime factors of p?
17
Let x = -4 + 4. Suppose x = -j + 5. List the prime factors of j.
5
Suppose -5*m - t + 84 = 0, -2*m = -m - 4*t. List the prime factors of m.
2
Let h(g) = -g**2 + 14*g + 10. What are the prime factors of h(12)?
2, 17
Let n = -7 - -4. List the prime factors of 1/n + (-172)/(-12).
2, 7
Let o(i) = i + 5. Let n be o(-3). What are the prime factors of (-2 - -2) + 30 + n?
2
Let f = 51 - 12. List the prime factors of f.
3, 13
Let i(r) = -7*r - 1. Let a be (-5)/(-1) + (-3 - 0). Suppose a*g - z = -2*g - 15, 0 = -g - 3*z + 6. What are the prime factors of i(g)?
2, 5
Let n(h) = 5 + 0*h**2 - 4 + 9*h - h**2. What are the prime factors of n(7)?
3, 5
Let f(i) = -15*i - 8. List the prime factors of f(-4).
2, 13
Suppose 8*b - 107 = 7*b. List the prime factors of b.
107
Let t(f) = f**2 - 3*f. Suppose -o = 3*a - 9, 2*o - 5*a = -a - 2. Let c = o + 1. List the prime factors of t(c).
2
Suppose -4*f + 151 + 33 = -5*g, 2*g = -8. List the prime factors of f.
41
Suppose 2*h - 5*a - 25 = 0, 5*a = 3*h - 0*h - 50. List the prime factors of h.
5
Let n = -191 - -359. What are the prime factors of n?
2, 3, 7
Let m(j) = 15*j**3 - 3*j**2. Let t be m(2). Suppose 4*x - 3*n - t = 0, -6*x = -3*x - 5*n - 81. List the prime factors of x.
3
Let a(b) be the first derivative of b**4/4 - b**2/2 + 12*b - 4. What are the prime factors of a(0)?
2, 3
List the prime factors of 1*(-292)/(-12)*3.
73
Let x(g) = -14*g**2 + g. Let b(t) = -5*t**2. Let y(c) = 17*b(c) - 6*x(c). Let n be y(-6). Suppose -32 = -n*p - 4*p. What are the prime factors of p?
2
Let t = 16 + 32. Suppose 8 = 2*o, -4*w + 4*o = 2*o - t. What are the prime factors of w?
2, 7
Suppose 2*d = 6*d. Suppose d = -4*l + 8 + 24. What are the prime factors of l?
2
Let p(k) = k**2 + 4*k - 3. Let f be p(6). Let b = f + -13. What are the prime factors of b?
2, 11
Let i be 0*(-3)/6*1. Suppose 4*b - 3*b - 4 = i. What are the prime factors of b?
2
What are the prime factors of (-1695)/(-10) - 3/(-6)?
2, 5, 17
Let b be 3 + -4 - 0 - -3. Suppose 0 - 2 = -b*g, 3*g = 4*x - 5. What are the prime factors of 27*((-4)/(-6))/x?
3
Let i = -11 + -2. Let y = -6 - i. List the prime factors of y.
7
Suppose -2 = -5*v + 18. Suppose -v*k + k = h, 4*h - 4*k = 16. What are the prime factors of h?
3
Let s be (1*-3)/(9/(-6)). Suppose 12 + 8 = -5*g, s*o + 10 = -2*g. List the prime factors of 14/6 - o/(-3).
2
Let u(q) = -4*q - 19. Let w(o) = 3*o + 13. Let k(l) = 5*u(l) + 7*w(l). What are the prime factors of k(9)?
5
Let m(z) = z**2 + 17*z - 12. What are the prime factors of m(-18)?
2, 3
Let q(l) = l + 4. Let j be q(-8). Let b(g) = -8*g - 1. Let p(f) = -7*f. Let i(t) = -5*b(t) + 6*p(t). List the prime factors of i(j).
13
What are the prime factors of ((-4)/(-2) - 0) + (-747)/(-3)?
251
Let g = -10 - -10. Suppose g = -i + d + 4, -7*i + 2*i + 8 = -d. List the prime factors of (0 + 7)*i + 3.
2, 5
Suppose -2*w - 20 = -6*w, -5*f - w = -630. List the prime factors of f.
5
Let x(a) = 4*a**3 - 2*a - 3. Let k(g) = -5*g**3 + g**2 + g + 2. Let z(i) = -3*k(i) - 4*x(i). Let u be z(-4). Suppose u*q = 2 + 2. List the prime factors of q.
2
Suppose 4*f - 30 = -5*r + 6, 3*r - 5*f = 29. Let c = -4 + r. What are the prime factors of 31/4 + 1/c?
2
Let m = -1 + 42. Suppose m = -5*n + 3*b, -4*n + 2*b + 7 = 39. Let l = n + 19. List the prime factors of l.
2, 3
Let r(f) = f. Let g be r(-2). List the prime factors of ((-4)/(-4)*-58)/g.
29
Suppose -2*y + 248 = -6*y. List the prime factors of (-5)/10*y/1.
31
List the prime factors of (3*5/(-3))/(3/(-213)).
5, 71
Suppose -j = -0 + 3. What are the prime factors of -3*2*(-4 - j)?
2, 3
Let v = -77 + 163. What are the prime factors of v?
2, 43
Let o(n) = n**2 - 5*n + 5. What are the prime factors of o(5)?
5
Suppose 3*a + 2*a - 145 = 0. Suppose 3*l - a + 5 = 0. List the prime fact